-3 - (-2)/4*50.
20
Let u = 22 + 1. Calculate the remainder when 37 is divided by u.
14
Let k(r) = -r**2 - 9*r - 7. Let j be k(-6). Calculate the remainder when 43 is divided by ((-4)/(-4) - 0)*j.
10
Let i(g) = 2*g**3 - 9*g**2 + 2*g - 9. Calculate the remainder when i(6) is divided by 14.
13
Let b be 1 - 3*42/9. Let s = 42 + b. What is the remainder when s is divided by -2*(90/4)/(-3)?
14
Let i = -2 - -7. Let r = 4 - i. What is the remainder when 5 is divided by 1 + r + 12/6?
1
Let h(t) = -t + 4. Let v be h(5). Calculate the remainder when 14 is divided by (-12)/(-2) + v/1.
4
Let s(x) = 4*x + 8. Calculate the remainder when s(8) is divided by 21.
19
Let g = -19 + 21. Suppose 5*o - 18 = g. What is the remainder when o is divided by 2?
0
Suppose -4*h = -3*h. Let z(u) = u**2 + u + 10. Let v be z(h). Calculate the remainder when 35 is divided by v + (12/(-3))/(-2).
11
Let s(u) = 11*u**2 - 2*u - 1. Let b be s(-1). Let l = b + -8. Suppose 2*d = -3*d + l*o + 44, -44 = -4*d + o. What is the remainder when 35 is divided by d?
11
Suppose -m + 104 = m. Calculate the remainder when m is divided by 18.
16
Suppose 8*q = 2*q + 270. Calculate the remainder when q is divided by 24.
21
Let f be 8/(-12)*(1 - -2). Let c be f + -1 + 6/1. Suppose -2*x - 2*v = -9 - 11, c*x - 2*v = 20. What is the remainder when 23 is divided by x?
7
Let u = 29 + -5. What is the remainder when 69 is divided by u?
21
Let g be (-15 - -4) + 1*3. Let r(j) = -3*j - 2. What is the remainder when 87 is divided by r(g)?
21
Suppose -3*m + 21 = -12. Suppose 5*n + o - 45 = -2*o, o = 4*n - 19. Suppose -63 = 3*q - n*q. Calculate the remainder when q is divided by m.
10
Let w(f) = 2 + 0 - f**2 - 8 - 6*f + 0*f**2. What is the remainder when w(-4) is divided by 0 + -1 + 2/1?
0
Suppose -11 - 79 = -3*n. What is the remainder when 85 is divided by n?
25
Let g = 11 + -27. Let s = -10 - g. What is the remainder when 16 is divided by s?
4
What is the remainder when 98 is divided by 1/4 + 495/20?
23
Suppose -14 = -5*b + 131. Calculate the remainder when b is divided by 17.
12
Suppose 4*v - 80 = -5*q - v, -4*v - 69 = -3*q. Suppose 4*l + l = 0. Suppose l*a + 7 = a. What is the remainder when q is divided by a?
5
Suppose -k + 5*h + 9 = -10, -4*h - 4 = 0. Suppose 2*a - 10 = 3*m, 0 = -3*a + 5*m + 7 + 8. Calculate the remainder when k is divided by a.
4
Let m(u) = -u**3 + 4*u**2 + 2*u - 2. Calculate the remainder when m(-2) is divided by 10.
8
Let c be (-1)/(2/8*-2). Suppose 5*g - 12 = -5*f + 18, 9 = -c*g + 5*f. Suppose -7*i + 2*i = -40. What is the remainder when i is divided by g?
2
Let i(s) = s**3 + 11*s**2 + 8*s - 11. What is the remainder when 1 + 0/(-3) + 25 is divided by i(-10)?
8
Suppose 2*j - j = -1. Let u = 5 + j. Let a(r) = r**3 - 11*r**2 + 10*r + 2. Calculate the remainder when u is divided by a(10).
0
Suppose 5*i - 258 = 2*d, -d - 62 = -i + 2*d. Suppose 2*w + 40 = 3*n + 2, -3*w = 3. Let o = n - -5. Calculate the remainder when i is divided by o.
16
Let l(k) = k**3 - 10*k**2 - 21*k - 6. What is the remainder when 88 is divided by l(12)?
28
Suppose -5*a = 3*k - 824, 0 = 2*k - a + 3*a - 552. What is the remainder when k is divided by 35?
33
Suppose 128 = h + 3*h. Let r = 7 - -5. Calculate the remainder when h is divided by r.
8
Let y(i) = 45*i**2 + i. Let p be y(1). Let z = p + -18. Calculate the remainder when z is divided by 10.
8
Suppose 0 = 2*v + 4*x + 54, 0 = -0*v + 3*v + 2*x + 69. What is the remainder when 14 is divided by 56/v*6/(-4)?
2
Suppose -1 = -2*o + 3. Let q = 10 + o. Suppose -j - 4 = -q. What is the remainder when 23 is divided by j?
7
Suppose -r - 474 = -5*p, -p = p - r - 189. What is the remainder when p is divided by 24?
23
What is the remainder when (714/170)/((-2)/(-10)) is divided by 9?
3
Let z(t) = -13*t - 2. Let s be z(-5). Suppose 5*u = s + 97. What is the remainder when u is divided by 11?
10
Calculate the remainder when 42/(-1*(-1 + -1)) is divided by 11.
10
Let i = -10 + 32. What is the remainder when i is divided by 7?
1
Suppose 2*i + 22 = u, u - 5*i = 6*u - 35. Calculate the remainder when 57 is divided by u.
9
Let l(s) = -s. Let g(h) = h**2 - 2*h + 3. Let z be g(3). Let r(d) = -9*d + 3. Let o(y) = z*l(y) - r(y). What is the remainder when o(4) is divided by 3?
0
Let o(r) be the second derivative of 73*r**4/12 - r**2/2 - r. Let h be o(1). What is the remainder when -1 - h/(0 - 2) is divided by 12?
11
Let z = 25 - 4. Calculate the remainder when 41 is divided by z.
20
Suppose 4*w + 2*l - 276 = 2*w, l + 261 = 2*w. Calculate the remainder when w is divided by 34.
31
Let k = -13 - -15. Let y(b) = b**3 - 5*b**2 + 3. What is the remainder when y(5) is divided by k?
1
Suppose 4*q = -5*h + 145, 5*q + 11 + 64 = 4*h. Calculate the remainder when h is divided by 13.
12
Let c = -14 - -27. Calculate the remainder when 36 is divided by c.
10
Suppose 3*a - 3 = 6. Suppose -a*f = -0*f. Suppose 0 = -f*c + 3*c - 9. Calculate the remainder when 4 is divided by c.
1
Let w = 6 - -24. Suppose -5*q + q = -4*d, 5*q + d - w = 0. Suppose 0 = q*i + 15, -3*r - 5*i = -38 - 25. Calculate the remainder when r is divided by 7.
5
Suppose -3*c + 24 = 3*m, 3*m - 7*c = -4*c + 42. Let y = m - 5. Suppose 42*g + 253 = 53*g. Calculate the remainder when g is divided by y.
5
Suppose -6*t = -3*t - 21. Let p be -1 + 0 - (-2 - -1). Suppose p = -u + t - 4. What is the remainder when 10 is divided by u?
1
Let b(j) = 7*j**2 + 4*j - 3. Calculate the remainder when b(2) is divided by 12.
9
Let l(m) = -m**2 - 14*m + 4. Calculate the remainder when l(-7) is divided by 27.
26
What is the remainder when 25 is divided by 20 + -1 - (0/2 + 2)?
8
Suppose -5*s - 150 = -4*n + 74, 141 = 3*n + 3*s. Calculate the remainder when n is divided by 13.
12
Let a(c) = 5*c**2 - 2*c + 1. Let f be a(1). Suppose b - f = -0*b - 5*j, -4*b + 64 = 4*j. What is the remainder when b is divided by 7?
5
Suppose -288 = -5*u - x, 5*u = -4*x + 276 + 21. Calculate the remainder when u is divided by 20.
17
Suppose 2*s + 0*s = 38. Let b be -1*(4 + -3) - -1. Let m(q) = q**2 + 10. Calculate the remainder when s is divided by m(b).
9
Let w = -2 - -8. Let f = -25 - -36. Calculate the remainder when f is divided by w.
5
Let l(x) = -x**3 + 6*x**2 + 8*x - 3. Let r be l(7). Suppose -h = t - 7 - 7, 0 = -r*t + 12. Calculate the remainder when h is divided by 7.
4
Let v(b) = -b**2 - 3*b + 3. Let f be v(-3). Suppose 0 = -5*g + f + 7, g = -h - 5. What is the remainder when (-1 + h)/((-12)/42) is divided by 10?
8
Let z(w) = w**2 - 4*w - 5. What is the remainder when z(-5) is divided by 6?
4
Suppose 3*s - 16 - 26 = 0. Suppose 7 = -y + 4*t, -4*t = -3*y - 9 - 12. Let q(l) = l**3 + 9*l**2 + 9*l + 6. What is the remainder when q(y) is divided by s?
13
Suppose -3*b - 3*s - 1 = 5, -5*b - 4*s = 6. Suppose -3*g + 8*g = -x + 104, b*g = 3*x + 45. What is the remainder when g is divided by 11?
10
Suppose -5*q - 14 = -19, 78 = z + 4*q. Let k(o) = -o**2 - 9*o + 5. Calculate the remainder when z is divided by k(-5).
24
Suppose 4*f = 20, -3*u - 2*f + 40 = -0*u. What is the remainder when 9/6*(-152)/(-6) is divided by u?
8
Let s(x) = x**2 + 11*x - 3. Calculate the remainder when 52 is divided by s(-12).
7
Let c(i) = -i**3 + 8*i**2 + 11*i - 9. Let p = 90 + -60. What is the remainder when c(7) is divided by p?
27
Let i be 1 - (1 + 0 - -3). Let o(a) = -13*a + 2. What is the remainder when o(i) is divided by 1/(1/(-2)) + 16?
13
Suppose i + 2 = 2*k, 0 = 3*k + i - 7 - 6. Suppose 103 = k*r - 17. What is the remainder when r is divided by 625/30 - 1/(-6)?
19
Calculate the remainder when 24 - (3 + -7 + 3) is divided by 9.
7
Suppose 0 = -2*q + 2, 3*g = 6*q - 7*q + 7. Calculate the remainder when 3 is divided by g.
1
Calculate the remainder when 97 is divided by (-7 - -2)*(-7 - -5).
7
Let c(t) = 2 + 2*t + 4*t**2 - 6*t + 0 - 1. What is the remainder when 49 is divided by c(3)?
24
Let z(d) = d**3 + 9*d**2 + 9*d + 10. Let f be z(-8). Suppose -54 = -f*x - 0. What is the remainder when x is divided by 7?
6
Let r(g) = g**2 + 2*g + 1. Let z be r(2). What is the remainder when 17 + (-3)/(z/(-6)) is divided by 7?
5
Let b(t) = 14*t - 1. Let m be b(1). Suppose m = 4*o - 11. Let z(j) = j**2 - 5*j. Calculate the remainder when 15 is divided by z(o).
3
What is the remainder when 29 is divided by (176/(-3))/(-4